t of 227170913?
0
What is the ten millions digit of 54284495?
5
What is the ten thousands digit of 119972798?
7
What is the thousands digit of 548709354?
9
What is the units digit of 43898299?
9
What is the thousands digit of 95733470?
3
What is the tens digit of 4420866353?
5
What is the ten millions digit of 117285657?
1
What is the millions digit of 2567152558?
7
What is the hundred thousands digit of 1162563933?
5
What is the ten millions digit of 68257497?
6
What is the hundred thousands digit of 641338?
6
What is the thousands digit of 22518681?
8
What is the millions digit of 851992198?
1
What is the thousands digit of 333849908?
9
What is the hundred millions digit of 156019909?
1
What is the ten thousands digit of 1010094519?
9
What is the tens digit of 114559408?
0
What is the hundred millions digit of 424419184?
4
What is the hundred thousands digit of 41453218?
4
What is the ten millions digit of 10624096?
1
What is the units digit of 46523546?
6
What is the ten millions digit of 2028627824?
2
What is the millions digit of 188789254?
8
What is the hundred thousands digit of 81253529?
2
What is the thousands digit of 2839239299?
9
What is the units digit of 417374334?
4
What is the hundred millions digit of 1805629019?
8
What is the hundred thousands digit of 427914648?
9
What is the ten thousands digit of 1255734272?
3
What is the millions digit of 152920379?
2
What is the ten thousands digit of 48620409?
2
What is the hundred thousands digit of 50480269?
4
What is the units digit of 2312359872?
2
What is the thousands digit of 65600121?
0
What is the hundreds digit of 12897848?
8
What is the hundred millions digit of 8875274048?
8
What is the thousands digit of 6368545421?
5
What is the millions digit of 59171011?
9
What is the units digit of 176061996?
6
What is the ten thousands digit of 136731424?
3
What is the ten millions digit of 1556661823?
5
What is the hundred thousands digit of 100496864?
4
What is the hundred thousands digit of 63815736?
8
What is the hundreds digit of 75690982?
9
What is the tens digit of 1202536996?
9
What is the hundreds digit of 166386901?
9
What is the hundred millions digit of 352810842?
3
What is the hundreds digit of 129542914?
9
What is the units digit of 41690267?
7
What is the ten thousands digit of 1726920618?
2
What is the hundred millions digit of 880548402?
8
What is the millions digit of 212502320?
2
What is the hundred thousands digit of 4678808439?
8
What is the hundred thousands digit of 17533420?
5
What is the hundred millions digit of 414502331?
4
What is the ten millions digit of 311419931?
1
What is the hundred thousands digit of 120157716?
1
What is the units digit of 118903581?
1
What is the ten thousands digit of 75990257?
9
What is the thousands digit of 495443565?
3
What is the billions digit of 2255003647?
2
What is the millions digit of 11091434?
1
What is the tens digit of 2020680310?
1
What is the hundred thousands digit of 1900518950?
5
What is the thousands digit of 832808607?
8
What is the thousands digit of 289558038?
8
What is the ten millions digit of 76342809?
7
What is the ten thousands digit of 1617781373?
8
What is the hundred millions digit of 109971096?
1
What is the hundred millions digit of 285016102?
2
What is the ten millions digit of 206900073?
0
What is the hundred thousands digit of 654679377?
6
What is the ten millions digit of 8745766804?
4
What is the tens digit of 6036044311?
1
What is the hundred millions digit of 238304959?
2
What is the tens digit of 1818258884?
8
What is the thousands digit of 478510761?
0
What is the hundreds digit of 301624711?
7
What is the hundred thousands digit of 24591030?
5
What is the ten thousands digit of 54483118?
8
What is the units digit of 407038209?
9
What is the billions digit of 2460999968?
2
What is the units digit of 270467023?
3
What is the hundred thousands digit of 19732267?
7
What is the hundreds digit of 92384823?
8
What is the ten thousands digit of 1890689171?
8
What is the millions digit of 3408992076?
8
What is the hundred thousands digit of 669020133?
0
What is the units digit of 57444337?
7
What is the tens digit of 408384452?
5
What is the ten thousands digit of 353166400?
6
What is the thousands digit of 427669162?
9
What is the hundreds digit of 496904458?
4
What is the millions digit of 1679062736?
9
What is the millions digit of 1260203379?
0
What is the hundreds digit of 288538707?
7
What is the hundred millions digit of 435438188?
4
What is the units digit of 176216254?
4
What is the hundred millions digit of 234984824?
2
What is the ten thousands digit of 389822385?
2
What is the millions digit of 37131188?
7
What is the millions digit of 2041181349?
1
What is the ten millions digit of 576902202?
7
What is the millions digit of 51454540?
1
What is the ten millions digit of 179984523?
7
What is the tens digit of 335114326?
2
What is the tens digit of 111352530?
3
What is the thousands digit of 55839522?
9
What is the hundred thousands digit of 479170514?
1
What is the hundreds digit of 16214396?
3
What is the ten thousands digit of 2264054387?
5
What is the ten thousands digit of 962588356?
8
What is the millions digit of 1553370105?
3
What is the hundred thousands digit of 30924710?
9
What is the millions digit of 59566357?
9
What is the hundred millions digit of 782598910?
7
What is the hundred thousands digit of 15746222?
7
What is the ten thousands digit of 968321525?
2
What is the units digit of 1298638521?
1
What is the ten millions digit of 481439959?
8
What is the tens digit of 29869887?
8
What is the units digit of 716835?
5
What is the tens digit of 301064103?
0
What is the hundred thousands digit of 54646048?
6
What is the ten thousands digit of 14545024?
4
What is the hundred thousands digit of 746601423?
6
What is the ten thousands digit of 6364605188?
0
What is the hundreds digit of 271631263?
2
What is the hundreds digit of 66024132?
1
What is the hundreds digit of 578298089?
0
What is the hundred thousands digit of 514593576?
5
What is the hundred thousands digit of 2409726540?
7
What is the hundreds digit of 3003508357?
3
What is the billions digit of 1020245733?
1
What is the millions digit of 1827551552?
7
What is the hundred millions digit of 287770381?
2
What is the thousands digit of 22615125?
5
What is the thousands digit of 45351962?
1
What is the hundred thousands digit of 52756022?
7
What is the tens digit of 198481968?
6
What is the ten millions digit of 1615695049?
1
What is the thousands digit of 20206827?
6
What is the thousands digit of 92135872?
5
What is the hundred thousands digit of 35412557?
4
What is the hundred millions digit of 287148739?
2
What is the hundreds digit of 103812229?
2
What is the ten thousands digit of 35333577?
3
What is the millions digit of 122040885?
2
What is the ten millions digit of 110129980?
1
What is the millions digit of 273261246?
3
What is the thousands digit of 3107698863?
8
What is the hundreds digit of 289769732?
7
What is the tens digit of 114604138?
3
What is the millions digit of 257166311?
7
What is the hundred millions digit of 167484249?
1
What is the hundred millions digit of 204067062?
2
What is the units digit of 26512070?
0
What is the millions digit of 430574542?
0
What is the thousands digit of 92370434?
0
What is the hundred thousands digit of 3619568597?
5
What is the ten thousands digit of 136896206?
9
What is the hundred millions digit of 2393703101?
3
What is the millions digit of 47943605?
7
What is the hundred thousands digit of 2513361106?
3
What is the ten millions digit of 38272612?
3
What is the hundreds digit of 96768545?
5
What is the thousands digit of 46818351?
8
What is the millions digit of 216337740?
6
What is the billions digit of 1208280080?
1
What is the units digit of 1325854118?
8
What is the ten millions digit of 81481226?
8
What is the hundred millions digit of 1161619598?
1
What is the units digit of 232694194?
4
What is the hundred millions digit of 1206464504?
2
What is the tens digit of 393897898?
9
What is the tens digit of 4233124733?
3
What is the hundred millions digit of 1962967400?
9
What is the hundred thousands digit of 378541601?
5
What is the ten thousands digit of 15